 Let f(d) = -6*d**2 - 9*d**3 - 6 + 8*d**3 + 14*d - 18*d. Calculate f(z).
-11
Let x(f) = -f. Let d(y) = y. Suppose 0*n = 4*n - 4*c, -4*n + 14 = 3*c. Let h(o) = n*d(o) + x(o). Suppose 4*q + 27 = -0*g + 5*g, 0 = -q - g. Give h(q).
-3
Let a(i) be the third derivative of -2*i**4/3 - 265*i**3/6 - 1901*i**2. Give a(-17).
7
Let c(b) = -b + 46. Suppose 24*s + 338 - 338 = 0. Calculate c(s).
46
Let x(u) = -4 - 623*u**2 - 19*u + 17 + 312*u**2 + 312*u**2 + 0. Determine x(18).
-5
Let n(y) = 18*y - 1. Let l = 49 - 37. Suppose -6 + l = 6*p. Calculate n(p).
17
Let v(u) = 19*u + 192. Let x be v(-10). Let q be 1 + 1 + -1 + -1. Let j(l) = 8*l + 0*l - 7 + q*l**2 - l**x. Give j(5).
8
Let k = 6587 + -6561. Let q(d) = -d**3 + 23*d**2 + 78*d + 5. Give q(k).
5
Suppose -44*x + 46*x = -4. Let i(g) = 4*g - 1890 + 1892 + g**3 - 20*g**2 + 25*g**2. Give i(x).
6
Suppose 0 = -3*z + 4 - 10. Let l be (-1 - 5) + z - 6/(-2). Let h(j) = -j**3 - 4*j**2 + 5*j + 7. Calculate h(l).
7
Let t(s) be the first derivative of -s**4 - 7*s**3/3 - 2*s**2 + 4*s + 9233. Give t(-4).
164
Let i(w) be the first derivative of w**3/3 - w**2/2 + 3*w + 74. Let x(u) = 2*u**2 - u + 6. Let a(l) = -13*i(l) + 6*x(l). Give a(7).
-3
Let x(t) be the third derivative of 4*t**4/3 + 181*t**3/6 - 6*t**2 + 23. What is x(-6)?
-11
Let h(s) be the first derivative of -s**3/3 - 5*s**2/2 + 22*s - 1726. Calculate h(-6).
16
Let f(z) = 2*z**2 + 8*z + 7. Let i be ((-686)/63 - -11)*-34 - (-6)/(-27). What is f(i)?
7
Let u(m) be the first derivative of -1/3*m**3 + 3/2*m**2 + 30 + 4*m. What is u(4)?
0
Let f = -718 + 634. Let j be f/(-15) - (-1 - 12/(-20)). Let u(i) = -4*i**2 + 3*i**2 - 3 + 6*i + 0. What is u(j)?
-3
Let x(a) = -4*a**2 - 13*a + 12. Let h(k) = -k**2 - 4*k + 2. Let s(u) = 5*h(u) - x(u). Determine s(-13).
-80
Let d be (-3 - (-15)/3)*37/2. Let l = 29 - d. Let u(t) = -t**2 - 9*t + 5. Let a(g) = -g. Let w(s) = -2*a(s) + u(s). Determine w(l).
-3
Let u be 29/(-9) - 2/(-9). Let l(s) = -13*s - 71. Let w(k) = -2*k - 10. Let q(c) = -l(c) + 7*w(c). Calculate q(u).
4
Let u = -398 - -393. Let q(r) = -r**2 - 5*r + 16. Give q(u).
16
Let q(l) = 4*l. Suppose 4*p + 165 = 49. Let s = -22 - p. Suppose k + s = -3*g - 3*k, -4*g + 4*k = 0. What is q(g)?
-4
Let h(r) = 17*r + 419. Let p be (15/6)/(-4*4/160). Calculate h(p).
-6
Let f = -200 - -206. Let q(h) = -h**3 + 1. Let i be q(0). Let v(b) = b**2 + 8 - 4 - 4*b - i. Give v(f).
15
Let n(v) = v**3 - 4*v**2 - 6*v + 20. Let b be n(3). Let j(i) = -i**2 - 2*i + 2. Let t(x) = -3*x + 4. Let a(y) = b*j(y) + 4*t(y). Determine a(-2).
26
Suppose 17*q = 18*q - 10. Let g(v) = 5 + q*v - 2 + v**2 - 3*v - 1. What is g(-6)?
-4
Suppose 2*i + 19*u - 3 = 22*u, -3*u = -5*i - 6. Let l(d) = d**3 + 2*d**2 + 7*d + 11. Give l(i).
-19
Suppose 3*i + s + 15 = 0, 0 = 6*s - s - 15. Let w(b) be the second derivative of 7/6*b**3 + 7/2*b**2 + 1/12*b**4 + 0 + 17*b. Calculate w(i).
1
Suppose h - 282 = -2*h. Let d(n) = 10 + h*n - 45*n - 48*n. Determine d(-12).
-2
Let y(z) be the first derivative of -z**5/20 - 5*z**4/12 + z**3/2 + z**2 - 118*z - 19. Let s(k) be the first derivative of y(k). Calculate s(-6).
20
Let c(a) = a**3 - 7*a**2 - 6*a - 16. Let v(j) = -3*j**3 + 17*j**2 + 2*j + 8. Let r be v(0). Determine c(r).
0
Let y be (-3)/7 - (-2079)/4851. Let q(z) = 2*z**2 - 2 - 2*z**2 + z**3 - z**2 + z. Calculate q(y).
-2
Suppose -5*g + 2*z + 13 = 0, 5*z = 2*g - 2 + 1. Let h be (-32)/7 + 2 - g/7. Let x(r) be the second derivative of 7*r**3/6 + 2*r**2 - 2*r. What is x(h)?
-17
Let v(t) = t**3 + 4*t**2 - 4. Suppose 12 = 5*f - 8*k, 16 = 159*f - 160*f - 3*k. Calculate v(f).
-4
Suppose -2*m + 105 = 3*m. Let z be (-1)/2 + (0 - m/(-6)). Let y(x) = x**2. Let q(k) = -4*k**2 + 2*k - 2. Let t(p) = q(p) + 3*y(p). Give t(z).
-5
Suppose -m - 2 = -3*m. Let j(h) = -42 + 2*h**2 + 7*h - 7*h + 84 - 43. Let x(q) = 2*q**2 + q + 2. Let w(a) = 2*j(a) + x(a). What is w(m)?
7
Suppose 19*v - 4*v + 333 = -22*v. Let a(y) = -18*y - 160. Give a(v).
2
Let u(c) = -29*c**3 + 26*c**2 + 278*c + 51. Let x(m) = 45*m**3 - 39*m**2 - 417*m - 77. Let r(s) = -14*u(s) - 9*x(s). Give r(20).
-1
Let q = -615 + 628. Let r(i) = -i**2 - 18 - 21*i - 15 - q - 1 + 2. Calculate r(-19).
-7
Let u(a) = -a - 19. Let t be u(-20). Let q be 12/((-4)/t) + 5 + 1. Let j be q/(-1) + (0/4 - -1). Let b(k) = -2*k + 2. Determine b(j).
6
Let s = 78372 - 78368. Let g(f) = -29*f + 13. Let a(v) = -7*v + 3. Let b(w) = -9*a(w) + 2*g(w). Give b(s).
19
Let a(p) = -4*p**3 + 2*p**2 + p. Let m be (-180)/(-105) + (-3)/(-42)*4. Let o be m/2*(-9 - -8). What is a(o)?
5
Let c(a) = -a**2 + 5*a + 5. Let s(n) = n**2 - 5*n - 4. Let r(p) = -6*c(p) - 5*s(p). Let k = 53 - 46. Determine r(k).
4
Let x be (-2 - -3)/((-3)/(-15)). Let b = -2 - x. Let t = -14 - b. Let q(s) = s**2 + 9*s + 5. Calculate q(t).
-9
Suppose 4*r = -3*m - 19, 1158*m = 1163*m - 5*r + 20. Let x(a) = -a**3 - 6*a**2 - 10*a - 5. Determine x(m).
20
Let l(t) = t**2 - 4*t + 1. Let y be ((-2)/(-4))/(5/(-160)*-4). Suppose 4*g - 10*o = -6*o + y, -g = 3*o - 9. Calculate l(g).
-2
Let g(u) = 4*u - 6. Let o = 28 + -26. Suppose -t + 3*z = 2*z - 5, -o*t = -z - 7. Suppose 10*m = t*m + 32. What is g(m)?
10
Let z = -2152 + 2173. Let k(a) = a**3 - 22*a**2 + 21*a + 3. What is k(z)?
3
Let y = 27684 - 27680. Let u(t) = 71*t - 288. Give u(y).
-4
Let n(c) = -9*c - 51. Let f be -14*(-1 + ((-9)/(-33))/((-26)/(-143))). What is n(f)?
12
Let n(g) = -26*g**2 + 9*g - 6. Let r(o) = 5*o**2 - 3*o + 2. Let v(u) = -n(u) - 5*r(u). What is v(-9)?
23
Let p(l) = -4*l**3 - 18*l**2 + 69*l - 12. Let n be p(-7). Let d(r) = 6 - 3*r**3 + 5*r + 6*r**2 + 0 + 5*r**3 - r**3. Calculate d(n).
6
Let c(d) = -15*d**2 + 22. Let j(s) = 37*s**2 + s - 45. Let a(g) = 5*c(g) + 2*j(g). Determine a(-6).
-28
Let o(m) = -m**2 + 45*m - 9. Let c(a) = a**3 + 13*a**2 + 45*a + 70. Let x be c(-5). Give o(x).
-9
Let r(y) = y**2 + 2*y - 2. Suppose 388 = -6*d + 220. Let s be -2 + d/(-4) - (-11 + 15). Calculate r(s).
1
Let p(h) = 2*h**2 - 12*h + 11. Let l be p(5). Let d(o) = o**2 + 6*o**3 + 0*o**2 - 4*o**3 - 3*o**3 + o + l. Calculate d(-1).
2
Let j(u) = u**3 - 4*u**2 - 3*u - 6. Let y be j(5). Let v(p) = -y*p - p + 6*p + 3. Let b = 29383 + -29392. Give v(b).
-6
Let s(a) = 4*a - 81. Let h be (-1204)/430*15/(-2). Give s(h).
3
Let s(x) be the third derivative of -17 - 1/60*x**5 - 5*x**2 - 5/6*x**3 - 5/24*x**4 + 0*x. Suppose 0 = 2*f + f + 15. What is s(f)?
-5
Let q(a) = -a**2 - 7*a + 46. Suppose 0 = 5*v + 268*p - 273*p - 25, 16 = 5*v + 4*p. What is q(v)?
2
Let r(m) = 2*m - 3. Let b = -468 - 126. Let a = 597 + b. Give r(a).
3
Let b(n) = 6*n - 3. Suppose -4*w = 4*p - 216, 0*p + 222 = 4*p + w. Let o be 20*7/p*(-12)/(-10). Determine b(o).
15
Let q = -9 + 19. Suppose 15 = q*t - 5. Let j(p) = p - 43 + 35 - t*p + 3*p. Calculate j(6).
4
Let m(b) be the second derivative of b**5/20 + b**4/6 + b**3/6 + 5*b**2/2 - b - 584. Determine m(-4).
-31
Let v(q) = 5*q**2 - 2*q + 2. Let f(j) = 13*j + 57 + 96 - 21 + 27. Let u be f(-12). Calculate v(u).
41
Let i(g) = 28*g + 218. Suppose 87*t - 92*t - 16 = -3*m, 5*t + 24 = 2*m. Calculate i(t).
-6
Let o(z) = 35297 - 35216 + z + z. What is o(-7)?
67
Let j = 897 + -780. Let u be 7 - (-13)/(j/(-18)). Let s(p) = p**2 - 6*p - 1. Give s(u).
-6
Let q(k) = -4 - k**2 - 4 - 5*k + 3. Let f(v) = 5*v + 13. Let b be f(-1). Suppose 0 = o - 4 + b. Determine q(o).
-1
Let u(i) = -2*i + 8. Let n(c) = -3*c + 18. Let z(x) = -3*n(x) + 5*u(x). Let v(b) = b + 14. Let q(g) = 3*v(g) + 2*z(g). Determine q(0).
14
Let z = 192 - 181. Let l(m) = 12 - z + m - 16. What is l(8)?
-7
Let v(i) = -i**3 - 2*i**2 + i - 1. Let z be v(0). Let p(n) = -5*n + 1. Let b(q) = -5*q + 1. Let k(w) = -5*b(w) + 6*p(w). What is k(z)?
6
Let b(p) = p**3 + p**2 + 4*p - 169. Let d be b(5). Let r(s) = -55*s**3 + s**2 + 2*s - 2. What is r(d)?
-54
Let q(z) = 10*z**3 - z**2. Let h be q(-1). Let l(d) = 16 - 33*d + 19*d**3 + 23*d - 20*d**3 + 23*d - 10*d**2. Give l(h).
-6
Let n(q) = 2*q + 18. Let h(b) = -b**3 + 25*b**2 - 132*b - 74. Let k be h(17). Give n(k).
6
Let x(k) = 9*k**2 - 3*k - 2. Let h(i) = -1 + 7*i**2 + 1754*i - 877*i - 879*i. Let m(w) = -3*h(w) + 2*x(w). What is m(1)?
-4
Suppose 150 = -11*h + 40. Let d be (-100)/(-8)*(-4)/h. Let g(r) = -r**2 + 10*r. Let c(v) = -v + 1. Let b(x) = d*c(x) + g(x). Give b(6).
-1
Suppose -4*d - 8 = -4*o, -3 = 3*d + 9. Let x(f) be 